ors of 30060507?
3, 10020169
List the prime factors of 2719476670.
2, 5, 271947667
What are the prime factors of 2136948384?
2, 3, 67, 89, 3733
What are the prime factors of 402321279?
3, 101, 1327793
What are the prime factors of 84342453?
3, 13, 41, 52747
What are the prime factors of 3471608614?
2, 103, 16852469
List the prime factors of 129037616.
2, 17, 53, 8951
What are the prime factors of 968007401?
968007401
List the prime factors of 285034693.
89, 389, 8233
What are the prime factors of 1082159624?
2, 7, 13, 353, 4211
What are the prime factors of 992708581?
71, 89, 127, 1237
What are the prime factors of 86370650?
2, 5, 31, 103, 541
List the prime factors of 72924127.
7349, 9923
What are the prime factors of 2831442612?
2, 3, 37, 61, 104543
What are the prime factors of 2718538526?
2, 11, 191, 593, 1091
List the prime factors of 848949840.
2, 3, 5, 71, 16607
List the prime factors of 292227038.
2, 109, 1340491
List the prime factors of 323571883.
557, 580919
List the prime factors of 459017618.
2, 19, 863, 13997
List the prime factors of 1716866754.
2, 3, 17, 16832027
What are the prime factors of 149306238?
2, 3, 109, 76099
What are the prime factors of 7121012?
2, 1780253
What are the prime factors of 195927406?
2, 167, 586609
List the prime factors of 53597484.
2, 3, 47, 10559
List the prime factors of 7279410.
2, 3, 5, 242647
What are the prime factors of 5510040874?
2, 13, 31, 6836279
List the prime factors of 146176090.
2, 5, 97, 150697
List the prime factors of 7243105506.
2, 3, 7, 13, 3257, 4073
What are the prime factors of 105132125?
5, 7, 53, 2267
List the prime factors of 4376663021.
89, 167, 294467
What are the prime factors of 231172674?
2, 3, 3449, 11171
What are the prime factors of 80602222?
2, 113, 356647
List the prime factors of 20641404.
2, 3, 7, 71, 3461
What are the prime factors of 181727670?
2, 3, 5, 59, 83, 1237
List the prime factors of 2140693405.
5, 428138681
List the prime factors of 31137468.
2, 3, 2594789
What are the prime factors of 90351345?
3, 5, 7, 17, 1033
List the prime factors of 5624068559.
1999, 2813441
List the prime factors of 29284810.
2, 5, 2928481
What are the prime factors of 218031873?
3, 61, 1191431
List the prime factors of 1383450192.
2, 3, 19, 2957
What are the prime factors of 1012417382?
2, 241, 2100451
What are the prime factors of 251459739?
3, 27939971
What are the prime factors of 249958433?
19, 13155707
List the prime factors of 41424229.
7, 11, 48907
What are the prime factors of 362820379?
787, 461017
List the prime factors of 26880335.
5, 641, 8387
What are the prime factors of 12837407?
11, 19, 239, 257
List the prime factors of 34855710.
2, 3, 5, 1161857
What are the prime factors of 3602173207?
113, 282103
What are the prime factors of 78320574?
2, 3, 569, 2549
What are the prime factors of 721130247?
3, 23, 151, 23071
What are the prime factors of 4714617491?
53, 503, 176849
List the prime factors of 248633890.
2, 5, 24863389
List the prime factors of 238741110.
2, 3, 5, 941, 2819
List the prime factors of 59922354.
2, 3, 107, 93337
List the prime factors of 1457257041.
3, 19, 2840657
List the prime factors of 88454294.
2, 2659, 16633
What are the prime factors of 354154066?
2, 7, 1549, 2333
What are the prime factors of 63472303?
4999, 12697
List the prime factors of 119513934.
2, 3, 23, 41, 2347
What are the prime factors of 3245186066?
2, 17, 71, 1344319
What are the prime factors of 30646990?
2, 5, 11, 278609
What are the prime factors of 1383313542?
2, 3, 13, 79, 224491
What are the prime factors of 572060224?
2, 59, 151499
What are the prime factors of 109147475?
5, 4365899
What are the prime factors of 1803195704?
2, 225399463
List the prime factors of 76952101.
76952101
List the prime factors of 24066823.
11, 53, 41281
What are the prime factors of 1685665150?
2, 5, 13, 199487
List the prime factors of 52454951.
52454951
List the prime factors of 84015981.
3, 7, 444529
What are the prime factors of 131974769?
131974769
What are the prime factors of 1006469827?
11, 91497257
List the prime factors of 2333147454.
2, 3, 11, 11783573
List the prime factors of 97307534.
2, 48653767
What are the prime factors of 959040440?
2, 5, 29, 826759
List the prime factors of 55759665.
3, 5, 13, 269, 1063
What are the prime factors of 95740494?
2, 3, 41, 389189
List the prime factors of 33679847.
33679847
What are the prime factors of 26872209?
3, 7, 13, 10937
What are the prime factors of 332800894?
2, 307, 542021
List the prime factors of 19665582.
2, 3, 3277597
What are the prime factors of 4707970491?
3, 7, 1783, 125737
List the prime factors of 77220677.
3677, 21001
What are the prime factors of 104235703?
11, 13, 728921
What are the prime factors of 4976279?
7, 11, 64627
List the prime factors of 51570471.
3, 1553, 11069
List the prime factors of 229191298.
2, 7, 3011, 5437
List the prime factors of 1077428728.
2, 134678591
List the prime factors of 12360181.
12360181
List the prime factors of 47642437.
1747, 27271
List the prime factors of 46208450.
2, 5, 881, 1049
What are the prime factors of 525145016?
2, 11, 23, 259459
List the prime factors of 284549472.
2, 3, 19, 149, 349
List the prime factors of 9745730.
2, 5, 599, 1627
List the prime factors of 57219387.
3, 941, 20269
List the prime factors of 75878111.
31, 2447681
What are the prime factors of 1174450318?
2, 587225159
List the prime factors of 530826764.
2, 13, 31, 329297
List the prime factors of 175400778.
2, 3, 7, 937, 4457
What are the prime factors of 3418191881?
13, 2383, 110339
What are the prime factors of 355013?
109, 3257
What are the prime factors of 511519471?
23, 47, 473191
List the prime factors of 5771327645.
5, 2251, 512779
List the prime factors of 4995576867.
3, 37, 45005197
List the prime factors of 52174003.
7, 17, 337, 1301
What are the prime factors of 6393536202?
2, 3, 79, 547, 24659
What are the prime factors of 2301438442?
2, 73, 83, 179, 1061
What are the prime factors of 1251517915?
5, 250303583
What are the prime factors of 37613795?
5, 7522759
List the prime factors of 6977300374.
2, 11, 317150017
List the prime factors of 492086242.
2, 23, 163, 65629
What are the prime factors of 5774691783?
3, 7, 274985323
List the prime factors of 419997640.
2, 5, 47, 223403
List the prime factors of 59975170.
2, 5, 5997517
List the prime factors of 3071464631.
15013, 204587
List the prime factors of 199687834.
2, 19, 5254943
What are the prime factors of 54221632?
2, 847213
What are the prime factors of 430602518?
2, 215301259
List the prime factors of 344001459.
3, 401, 285953
List the prime factors of 1086235133.
31, 35039843
What are the prime factors of 473979237?
3, 157993079
What are the prime factors of 111243942?
2, 3, 29, 877
What are the prime factors of 203947136?
2, 107, 14891
What are the prime factors of 238532909?
3257, 73237
What are the prime factors of 7774774?
2, 7, 163, 3407
List the prime factors of 107784393.
3, 35928131
What are the prime factors of 3247077715?
5, 7, 92773649
What are the prime factors of 50240130?
2, 3, 5, 463, 3617
What are the prime factors of 123365319?
3, 7, 11, 534049
List the prime factors of 91332949.
91332949
What are the prime factors of 58560205?
5, 11, 1064731
List the prime factors of 195255579.
3, 23, 29, 97579
List the prime factors of 745219413.
3, 433, 63743
List the prime factors of 3488377898.
2, 1744188949
What are the prime factors of 287001224?
2, 31, 1157263
List the prime factors of 30593116.
2, 19, 402541
List the prime factors of 439956213.
3, 23, 6376177
List the prime factors of 85753403.
19, 1123, 4019
What are the prime factors of 191908882?
2, 11, 71, 122861
What are the prime factors of 3314365466?
2, 521, 3180773
List the prime factors of 125998344.
2, 3, 97, 18041
List the prime factors of 2821073626.
2, 7, 3643, 55313
List the prime factors of 429734779.
429734779
What are the prime factors of 718979306?
2, 61, 5893273
List the prime factors of 46309183.
46309183
What are the prime factors of 2692908156?
2, 3, 193, 1162741
List the prime factors of 201238867.
201238867
What are the prime factors of 323777597?
11, 13, 17, 133187
What are the prime factors of 3107028969?
3, 11, 389, 26893
List the prime factors of 220